{"id":9003,"date":"2023-05-18T13:30:56","date_gmt":"2023-05-18T10:30:56","guid":{"rendered":"https:\/\/www.univ-chlef.dz\/fsnv\/?page_id=9003"},"modified":"2025-04-13T15:59:12","modified_gmt":"2025-04-13T12:59:12","slug":"portes-ouvertes-de-la-faculte-snv","status":"publish","type":"page","link":"https:\/\/fsnv.univ-chlef.dz\/?page_id=9003","title":{"rendered":"portes ouvertes de la Facult\u00e9 SNV"},"content":{"rendered":"<p style=\"text-align: center;\"><strong>\u0623\u0628\u0648\u0627\u0628 \u0645\u0641\u062a\u0648\u062d\u0629 \u0644\u0644\u062a\u0639\u0631\u064a\u0641 \u0628\u0627\u0644\u0641\u0631\u0648\u0639 \u0648 \u0627\u0644\u062a\u062e\u0635\u0635\u0627\u062a \u0627\u0644\u0645\u0641\u062a\u0648\u062d\u0629 \u0628\u0627\u0644\u0643\u0644\u064a\u0629<\/strong><\/p>\n<p>\u00a0\u00a0\u00a0\u00a0\u00a0 Plan des portes ouvertes\u00a0(<strong>cliquer sur le lien pour voir le contenu<\/strong>)<\/p>\n<p>1<strong>-Pr\u00e9sentation g\u00e9n\u00e9rale du domaine SNV (<a href=\"https:\/\/fsnv.univ-chlef.dz\/wp-content\/uploads\/Pre\u0301sentation-du-Domaine-SNV.pdf\">fili\u00e8res et sp\u00e9cialit\u00e9s<\/a>) pour L1, L2 et L3 et Master I<\/strong><\/p>\n<p>2-<strong> Fili\u00e8re sciences biologiques<\/strong><\/p>\n<p><strong>2.1. Sp\u00e9cialit\u00e9 Microbiologie (<\/strong><strong>licence et Master) <\/strong><\/p>\n<ol start=\"2\">\n<li><strong> 2. Biologie Mol\u00e9culaire (<\/strong><strong>licence et Master)<\/strong><\/li>\n<\/ol>\n<p><strong>2.3. Biochimie (<\/strong><strong>licence et Master)<\/strong><\/p>\n<p><strong>\u00a02.4. Biologie et physiologie animale (<\/strong><strong>licence<\/strong><strong>) et Biologie et physiologie de la <\/strong><\/p>\n<p><strong>Reproduction <\/strong><strong>(Master)<\/strong><\/p>\n<p><strong>2.5. Toxicologie (<\/strong><strong>Master<\/strong><strong>)<\/strong><\/p>\n<p><strong>\u00a0\u00a0\u00a0\u00a0\u00a0 3- <a href=\"https:\/\/fsnv.univ-chlef.dz\/wp-content\/uploads\/1-Poster-Formation-Sciences-Agronomiques.pdf\">Fili\u00e8re sciences agronomiques<\/a><\/strong><\/p>\n<p><strong>3.1. Sp\u00e9cialit\u00e9s licences\u00a0:<\/strong><\/p>\n<p><strong>\u00a0\u00a0\u00a0\u00a0\u00a0\u00a0\u00a0\u00a0\u00a0\u00a0 3.1.1. Production Animale<\/strong><\/p>\n<p><strong>\u00a0\u00a0\u00a0\u00a0\u00a0\u00a0\u00a0\u00a0\u00a0\u00a0 3.1.2. Production V\u00e9g\u00e9tale<\/strong><\/p>\n<p><strong>3.1.3. Protection Des V\u00e9g\u00e9taux<\/strong><\/p>\n<p><strong>3.1.4. Foresterie<\/strong><\/p>\n<p><strong>3.1.5. Sol et Eau<\/strong><\/p>\n<p><strong>\u00a0\u00a0\u00a0\u00a0\u00a0\u00a0 3.2 Sp\u00e9cialit\u00e9s Masters\u00a0:<\/strong><\/p>\n<p><strong>\u00a0\u00a0\u00a0\u00a0\u00a0\u00a0\u00a0\u00a0\u00a0 3.2.1. Production et nutrition\u00a0 animale<\/strong><\/p>\n<p><strong>\u00a0\u00a0\u00a0\u00a0\u00a0\u00a0\u00a0\u00a0\u00a0 3.2.2. Protection Des V\u00e9g\u00e9taux<\/strong><\/p>\n<p><strong>\u00a0\u00a0\u00a0\u00a0\u00a0\u00a0\u00a0\u00a0\u00a0 3.2.3. Sciences Foresti\u00e8res<\/strong><\/p>\n<p><strong>3.2.4. Eau et agro\u00e9quipement<\/strong><\/p>\n<p><strong>3.2.5. Eau et environnement<\/strong><\/p>\n<p><strong>\u00a0\u00a0\u00a0\u00a0\u00a0 4- Fili\u00e8re sciences alimentaires <\/strong><\/p>\n<p><strong>\u00a0\u00a0\u00a0\u00a0\u00a0\u00a0 \u00a0<\/strong><strong>4.1. Sp\u00e9cialit\u00e9s licences\u00a0:<\/strong><\/p>\n<p><strong>\u00a0\u00a0\u00a0\u00a0\u00a0\u00a0 \u00a0\u00a0\u00a0\u00a04.1.1. Alimentation, Nutrition et Pathologie (ANP)<\/strong><\/p>\n<p><strong>\u00a0\u00a0\u00a0\u00a0\u00a0\u00a0\u00a0\u00a0 \u00a0\u00a04.1.2. Technologie Agroalimentaire et contr\u00f4le de Qualit\u00e9 (TACQ) <\/strong><strong>(<\/strong><strong>nouvelle sp\u00e9cialit\u00e9)<\/strong><\/p>\n<p><strong>\u00a0\u00a0\u00a0\u00a0\u00a0\u00a0\u00a0 4.2 Sp\u00e9cialit\u00e9s Masters\u00a0:<\/strong><\/p>\n<p><strong>\u00a0\u00a0\u00a0\u00a0\u00a0\u00a0\u00a0\u00a0\u00a0 4.2.1. Biologie de la Nutrition<\/strong><\/p>\n<p><strong>\u00a0\u00a0\u00a0\u00a0\u00a0\u00a0\u00a0\u00a0\u00a0 4.2.2. Nutrition et Pathologie <\/strong><strong>(<\/strong><strong>nouvelle sp\u00e9cialit\u00e9)<\/strong><\/p>\n<p><strong>5- Fili\u00e8re biotechnologie <\/strong><\/p>\n<p><strong>\u00a0 5.1.\u00a0 Biotechnologie Microbienne <\/strong><strong>(Licence et Master)<\/strong><\/p>\n<p><strong>\u00a0 5.2.\u00a0 Biotechnologie V\u00e9g\u00e9tale <\/strong><strong>(Licence et Master)<\/strong><\/p>\n<p><strong>6- Fili\u00e8re \u00e9cologie et environnement <\/strong><\/p>\n<p><strong>6.1. Sp\u00e9cialit\u00e9s\u00a0 Licence<\/strong><\/p>\n<p><strong>\u00a0 6.1.1. \u00c9cologie et Environnement<\/strong><\/p>\n<p><strong>\u00a0 6.1.2. Agro \u00e9cologie<\/strong><\/p>\n<p><strong>\u00a0\u00a0\u00a0\u00a0\u00a0\u00a0\u00a0\u00a0\u00a0 \u00a0\u00a0\u00a0\u00a0<\/strong><strong>6.2. Sp\u00e9cialit\u00e9s Masters\u00a0:<\/strong><\/p>\n<p><strong>\u00a0\u00a0\u00a0\u00a0\u00a0\u00a0\u00a0\u00a0\u00a0\u00a0\u00a0\u00a0 \u00a0\u00a0\u00a06.2.1. Agro\u00e9cologie <\/strong><\/p>\n<p><strong>\u00a0\u00a0\u00a0\u00a0\u00a0\u00a0\u00a0\u00a0\u00a0\u00a0\u00a0 \u00a0\u00a0\u00a0\u00a06.2.2. Biodiversit\u00e9 et Environnement<\/strong><\/p>\n<p><strong>\u00a0\u00a0\u00a0\u00a0\u00a0\u00a0\u00a0\u00a0\u00a0\u00a0\u00a0\u00a0 \u00a0\u00a0\u00a0<\/strong><strong>6.2.3. Protection des \u00e9cosyst\u00e8mes <\/strong><strong>(<\/strong><strong>nouvelle sp\u00e9cialit\u00e9)<\/strong><\/p>\n<p><strong>7- Fili\u00e8re hydrobiologie marine et continentale<\/strong><\/p>\n<ol start=\"7\">\n<li><strong> 1. Aquaculture et Pisciculture<\/strong> <strong>(Licence)<\/strong><\/li>\n<\/ol>\n<p><strong>\u00a0 7.2. Science de la Mer<\/strong> <strong>(Master)<\/strong><\/p>\n<p style=\"text-align: right;\">\n","protected":false},"excerpt":{"rendered":"<p>\u0623\u0628\u0648\u0627\u0628 \u0645\u0641\u062a\u0648\u062d\u0629 \u0644\u0644\u062a\u0639\u0631\u064a\u0641 \u0628\u0627\u0644\u0641\u0631\u0648\u0639 \u0648 \u0627\u0644\u062a\u062e\u0635\u0635\u0627\u062a \u0627\u0644\u0645\u0641\u062a\u0648\u062d\u0629 \u0628\u0627\u0644\u0643\u0644\u064a\u0629 \u00a0\u00a0\u00a0\u00a0\u00a0 Plan des portes ouvertes\u00a0(cliquer sur le lien pour voir le contenu) [&hellip;]<\/p>\n","protected":false},"author":1,"featured_media":0,"parent":0,"menu_order":0,"comment_status":"closed","ping_status":"closed","template":"","meta":{"_uag_custom_page_level_css":"","site-sidebar-layout":"default","site-content-layout":"","ast-site-content-layout":"default","site-content-style":"default","site-sidebar-style":"default","ast-global-header-display":"","ast-banner-title-visibility":"","ast-main-header-display":"","ast-hfb-above-header-display":"","ast-hfb-below-header-display":"","ast-hfb-mobile-header-display":"","site-post-title":"","ast-breadcrumbs-content":"","ast-featured-img":"","footer-sml-layout":"","ast-disable-related-posts":"","theme-transparent-header-meta":"","adv-header-id-meta":"","stick-header-meta":"","header-above-stick-meta":"","header-main-stick-meta":"","header-below-stick-meta":"","astra-migrate-meta-layouts":"default","ast-page-background-enabled":"default","ast-page-background-meta":{"desktop":{"background-color":"var(--ast-global-color-5)","background-image":"","background-repeat":"repeat","background-position":"center center","background-size":"auto","background-attachment":"scroll","background-type":"","background-media":"","overlay-type":"","overlay-color":"","overlay-opacity":"","overlay-gradient":""},"tablet":{"background-color":"","background-image":"","background-repeat":"repeat","background-position":"center center","background-size":"auto","background-attachment":"scroll","background-type":"","background-media":"","overlay-type":"","overlay-color":"","overlay-opacity":"","overlay-gradient":""},"mobile":{"background-color":"","background-image":"","background-repeat":"repeat","background-position":"center center","background-size":"auto","background-attachment":"scroll","background-type":"","background-media":"","overlay-type":"","overlay-color":"","overlay-opacity":"","overlay-gradient":""}},"ast-content-background-meta":{"desktop":{"background-color":"var(--ast-global-color-4)","background-image":"","background-repeat":"repeat","background-position":"center center","background-size":"auto","background-attachment":"scroll","background-type":"","background-media":"","overlay-type":"","overlay-color":"","overlay-opacity":"","overlay-gradient":""},"tablet":{"background-color":"var(--ast-global-color-4)","background-image":"","background-repeat":"repeat","background-position":"center center","background-size":"auto","background-attachment":"scroll","background-type":"","background-media":"","overlay-type":"","overlay-color":"","overlay-opacity":"","overlay-gradient":""},"mobile":{"background-color":"var(--ast-global-color-4)","background-image":"","background-repeat":"repeat","background-position":"center center","background-size":"auto","background-attachment":"scroll","background-type":"","background-media":"","overlay-type":"","overlay-color":"","overlay-opacity":"","overlay-gradient":""}},"footnotes":""},"class_list":["post-9003","page","type-page","status-publish","hentry"],"uagb_featured_image_src":{"full":false,"thumbnail":false,"medium":false,"medium_large":false,"large":false,"1536x1536":false,"2048x2048":false},"uagb_author_info":{"display_name":"adminfsnv82","author_link":"https:\/\/fsnv.univ-chlef.dz\/?author=1"},"uagb_comment_info":0,"uagb_excerpt":"\u0623\u0628\u0648\u0627\u0628 \u0645\u0641\u062a\u0648\u062d\u0629 \u0644\u0644\u062a\u0639\u0631\u064a\u0641 \u0628\u0627\u0644\u0641\u0631\u0648\u0639 \u0648 \u0627\u0644\u062a\u062e\u0635\u0635\u0627\u062a \u0627\u0644\u0645\u0641\u062a\u0648\u062d\u0629 \u0628\u0627\u0644\u0643\u0644\u064a\u0629 \u00a0\u00a0\u00a0\u00a0\u00a0 Plan des portes ouvertes\u00a0(cliquer sur le lien pour voir le contenu) [&hellip;]","_links":{"self":[{"href":"https:\/\/fsnv.univ-chlef.dz\/index.php?rest_route=\/wp\/v2\/pages\/9003","targetHints":{"allow":["GET"]}}],"collection":[{"href":"https:\/\/fsnv.univ-chlef.dz\/index.php?rest_route=\/wp\/v2\/pages"}],"about":[{"href":"https:\/\/fsnv.univ-chlef.dz\/index.php?rest_route=\/wp\/v2\/types\/page"}],"author":[{"embeddable":true,"href":"https:\/\/fsnv.univ-chlef.dz\/index.php?rest_route=\/wp\/v2\/users\/1"}],"replies":[{"embeddable":true,"href":"https:\/\/fsnv.univ-chlef.dz\/index.php?rest_route=%2Fwp%2Fv2%2Fcomments&post=9003"}],"version-history":[{"count":9,"href":"https:\/\/fsnv.univ-chlef.dz\/index.php?rest_route=\/wp\/v2\/pages\/9003\/revisions"}],"predecessor-version":[{"id":9607,"href":"https:\/\/fsnv.univ-chlef.dz\/index.php?rest_route=\/wp\/v2\/pages\/9003\/revisions\/9607"}],"wp:attachment":[{"href":"https:\/\/fsnv.univ-chlef.dz\/index.php?rest_route=%2Fwp%2Fv2%2Fmedia&parent=9003"}],"curies":[{"name":"wp","href":"https:\/\/api.w.org\/{rel}","templated":true}]}}