{"id":198,"date":"2017-01-11T01:54:09","date_gmt":"2017-01-10T22:54:09","guid":{"rendered":"http:\/\/www.univ-chlef.dz\/FSEI\/?page_id=198"},"modified":"2026-03-16T11:37:08","modified_gmt":"2026-03-16T08:37:08","slug":"offre-de-formation","status":"publish","type":"page","link":"https:\/\/fsnv.univ-chlef.dz\/?page_id=198","title":{"rendered":"Offre de Formation"},"content":{"rendered":"\n<h3 class=\"wp-block-heading has-text-align-center\"><strong>Offre de Formation Master<\/strong><\/h3>\n\n\n\n<div class=\"wp-block-columns are-vertically-aligned-center is-not-stacked-on-mobile has-ast-global-color-1-color has-ast-global-color-4-background-color has-text-color has-background has-link-color wp-elements-0ddd7c07f2e4efb807ba0153fda188e6 is-layout-flex wp-container-core-columns-is-layout-28f84493 wp-block-columns-is-layout-flex\" style=\"border-width:31px;border-top-left-radius:14px;border-top-right-radius:14px;border-bottom-left-radius:14px;border-bottom-right-radius:14px\">\n<div class=\"wp-block-column is-vertically-aligned-center is-layout-flow wp-block-column-is-layout-flow\" style=\"flex-basis:100%\">\n<figure class=\"wp-block-table is-style-stripes\" style=\"padding-top:0;padding-right:0;padding-bottom:0;padding-left:0\"><table class=\"has-fixed-layout\" style=\"border-style:none;border-width:0px\"><thead><tr><th>D\u00e9partement<br><\/th><th>intitul\u00e9 de l&rsquo;offre de formation Master<\/th><th class=\"has-text-align-right\" data-align=\"right\">Libelle Fili\u00e8re Arabe<\/th><th>N\u00b0 et date Arr\u00eat\u00e9<\/th><\/tr><\/thead><tbody><tr><td><strong>d\u00e9partement de Biologie<\/strong><\/td><td><a href=\"https:\/\/fsnv.univ-chlef.dz\/wp-content\/uploads\/Canevs-Master-Biochimie-appliqueeVF-SNV-Chlef-2016-18-21.pdf\">Biochimie appliqu\u00e9e<\/a><br><a href=\"https:\/\/fsnv.univ-chlef.dz\/wp-content\/uploads\/Caneavs-Master-Biolog-Molecu-des-microorganismes-VF-SNV-Chlef-2016-17-20.pdf\">Biologie mol\u00e9culaire des micro-organismes<\/a><br><a href=\"https:\/\/fsnv.univ-chlef.dz\/wp-content\/uploads\/Canevas-Master-toxicologie-VF-SNV-Chlef-2016-16-19.pdf\">Toxicologie<\/a><br><a href=\"https:\/\/fsnv.univ-chlef.dz\/wp-content\/uploads\/O11-Canevas-Master-BPR-Chlef-Apres-levee-reserves-VF-2024-1-19-22.pdf\">Biologie et physiologie de la reproduction<\/a><br><a href=\"https:\/\/fsnv.univ-chlef.dz\/wp-content\/uploads\/Canevas-Master-Microbiologie-VF-SNV-Chlef-2016-19-22.pdf\">Microbiologie<\/a><\/td><td class=\"has-text-align-right\" data-align=\"right\">\u0628\u064a\u0648\u0643\u064a\u0645\u064a\u0627\u0621 \u062a\u0637\u0628\u064a\u0642\u064a\u0629<br>\u0627\u0644\u0628\u064a\u0648\u0644\u0648\u062c\u064a\u0627 \u0627\u0644\u062c\u0632\u064a\u0626\u064a\u0629 \u0644\u0644\u0643\u0627\u0626\u0646\u0627\u062a \u0627\u0644\u062f\u0642\u064a\u0642\u0629<br><br>\u0639\u0644\u0645 \u0627\u0644\u0633\u0645\u0648\u0645<br>\u0628\u064a\u0648\u0644\u0648\u062c\u064a\u0627 \u0648\u0641\u064a\u0632\u064a\u0648\u0644\u0648\u062c\u064a\u0627 \u0627\u0644\u062a\u0643\u0627\u062b\u0631<br><br>\u0645\u0643\u0631\u0648\u0628\u064a\u0648\u0644\u0648\u062c\u064a\u0627<\/td><td><a href=\"https:\/\/fsnv.univ-chlef.dz\/wp-content\/uploads\/Arrete-N\u00b01024-du-25-juillet-2023.pdf\">Arr\u00eat\u00e9 n\u00b0<\/a>1318 du 09\/08\/2016<br>1318 du 09\/08\/2016<br><br>1318 du 09\/08\/2016<br>958 du 20\/07\/2024<br><br>1318 du 09\/08\/2016<\/td><\/tr><tr><td><strong>d\u00e9partement des Sciences Alimentaires et Nutrition Humaine<\/strong><\/td><td>biologie de la nutrition <br>nutrition et pathologie <\/td><td class=\"has-text-align-right\" data-align=\"right\">\u0628\u064a\u0648\u0644\u0648\u062c\u064a\u0627 \u0627\u0644\u062a\u063a\u0630\u064a\u0629<br>\u0627\u0644\u062a\u063a\u0630\u064a\u0629 \u0648\u0627\u0644\u0623\u0645\u0631\u0627\u0636<\/td><td>Arr\u00eat\u00e9 n\u00b0 1318 du 09\/08\/2016<br><a href=\"https:\/\/fsnv.univ-chlef.dz\/wp-content\/uploads\/Arrete-N\u00b01024-du-25-juillet-2023.pdf\">Arr\u00eat\u00e9 n\u00b01024 du 25\/07\/2023<\/a><\/td><\/tr><tr><td><strong>d\u00e9partement de Biotechnologie<\/strong><\/td><td>Biotechnologie microbienne<br>Biotechnologie v\u00e9g\u00e9tale<\/td><td class=\"has-text-align-right\" data-align=\"right\">\u0628\u064a\u0648\u062a\u0643\u0646\u0648\u0644\u0648\u062c\u064a\u0627 \u0627\u0644\u0645\u064a\u0643\u0631\u0648\u0628\u0627\u062a<br>\u0628\u064a\u0648\u062a\u0643\u0646\u0648\u0644\u0648\u062c\u064a\u0627 \u0627\u0644\u0646\u0628\u0627\u062a<\/td><td><a href=\"https:\/\/fsnv.univ-chlef.dz\/wp-content\/uploads\/Arrete-N\u00b01024-du-25-juillet-2023.pdf\">Arr\u00eat\u00e9 n\u00b01024 du 25\/07\/2023<\/a><br>Arr\u00eat\u00e9 n\u00b0992 du 21\/09\/2021<\/td><\/tr><tr><td><strong>d\u00e9partement Eau et environnement et d\u00e9veloppement durable<\/strong><\/td><td>Agro-\u00e9cologie<br>Biodiversit\u00e9 et environnement<br><a href=\"https:\/\/fsnv.univ-chlef.dz\/wp-content\/uploads\/Canevas-Revise-_-2025-2026-Master-Protection-des-ecosystemes.pdf\">Protection des \u00e9cosyst\u00e8mes<\/a><\/td><td class=\"has-text-align-right\" data-align=\"right\">\u0639\u0644\u0645 \u0627\u0644\u0628\u064a\u0626\u0629 \u0627\u0644\u0641\u0644\u0627\u062d\u064a\u0629<br>\u0627\u0644\u062a\u0646\u0648\u0639 \u0627\u0644\u0628\u064a\u0626\u064a \u0648\u0627\u0644\u0645\u062d\u064a\u0637<br>\u062d\u0645\u0627\u064a\u0629 \u0627\u0644\u0623\u0646\u0638\u0645\u0629 \u0627\u0644\u0628\u064a\u0626\u064a\u0629<\/td><td>Arr\u00eat\u00e9 n\u00b01318 du 09\/08\/2016<br>Arr\u00eat\u00e9 n\u00b01318 du 09\/08\/2016<br><a href=\"https:\/\/fsnv.univ-chlef.dz\/wp-content\/uploads\/Arrete-N\u00b01024-du-25-juillet-2023.pdf\">Arr\u00eat\u00e9 n\u00b01024 du 25\/07\/2023<\/a><\/td><\/tr><\/tbody><\/table><\/figure>\n<\/div>\n<\/div>\n\n\n\n<p><\/p>\n","protected":false},"excerpt":{"rendered":"<p>Offre de Formation Master D\u00e9partement intitul\u00e9 de l&rsquo;offre de formation Master Libelle Fili\u00e8re Arabe N\u00b0 et date Arr\u00eat\u00e9 d\u00e9partement de [&hellip;]<\/p>\n","protected":false},"author":1,"featured_media":0,"parent":0,"menu_order":0,"comment_status":"closed","ping_status":"closed","template":"template-blog.php","meta":{"_uag_custom_page_level_css":"","site-sidebar-layout":"default","site-content-layout":"","ast-site-content-layout":"default","site-content-style":"default","site-sidebar-style":"default","ast-global-header-display":"","ast-banner-title-visibility":"","ast-main-header-display":"","ast-hfb-above-header-display":"","ast-hfb-below-header-display":"","ast-hfb-mobile-header-display":"","site-post-title":"disabled","ast-breadcrumbs-content":"","ast-featured-img":"","footer-sml-layout":"","ast-disable-related-posts":"","theme-transparent-header-meta":"","adv-header-id-meta":"","stick-header-meta":"","header-above-stick-meta":"","header-main-stick-meta":"","header-below-stick-meta":"","astra-migrate-meta-layouts":"default","ast-page-background-enabled":"default","ast-page-background-meta":{"desktop":{"background-color":"var(--ast-global-color-5)","background-image":"","background-repeat":"repeat","background-position":"center center","background-size":"auto","background-attachment":"scroll","background-type":"","background-media":"","overlay-type":"","overlay-color":"","overlay-opacity":"","overlay-gradient":""},"tablet":{"background-color":"","background-image":"","background-repeat":"repeat","background-position":"center center","background-size":"auto","background-attachment":"scroll","background-type":"","background-media":"","overlay-type":"","overlay-color":"","overlay-opacity":"","overlay-gradient":""},"mobile":{"background-color":"","background-image":"","background-repeat":"repeat","background-position":"center center","background-size":"auto","background-attachment":"scroll","background-type":"","background-media":"","overlay-type":"","overlay-color":"","overlay-opacity":"","overlay-gradient":""}},"ast-content-background-meta":{"desktop":{"background-color":"var(--ast-global-color-4)","background-image":"","background-repeat":"repeat","background-position":"center center","background-size":"auto","background-attachment":"scroll","background-type":"","background-media":"","overlay-type":"","overlay-color":"","overlay-opacity":"","overlay-gradient":""},"tablet":{"background-color":"var(--ast-global-color-4)","background-image":"","background-repeat":"repeat","background-position":"center center","background-size":"auto","background-attachment":"scroll","background-type":"","background-media":"","overlay-type":"","overlay-color":"","overlay-opacity":"","overlay-gradient":""},"mobile":{"background-color":"var(--ast-global-color-4)","background-image":"","background-repeat":"repeat","background-position":"center center","background-size":"auto","background-attachment":"scroll","background-type":"","background-media":"","overlay-type":"","overlay-color":"","overlay-opacity":"","overlay-gradient":""}},"footnotes":""},"class_list":["post-198","page","type-page","status-publish","hentry"],"uagb_featured_image_src":{"full":false,"thumbnail":false,"medium":false,"medium_large":false,"large":false,"1536x1536":false,"2048x2048":false},"uagb_author_info":{"display_name":"adminfsnv82","author_link":"https:\/\/fsnv.univ-chlef.dz\/?author=1"},"uagb_comment_info":0,"uagb_excerpt":"Offre de Formation Master D\u00e9partement intitul\u00e9 de l&rsquo;offre de formation Master Libelle Fili\u00e8re Arabe N\u00b0 et date Arr\u00eat\u00e9 d\u00e9partement de [&hellip;]","_links":{"self":[{"href":"https:\/\/fsnv.univ-chlef.dz\/index.php?rest_route=\/wp\/v2\/pages\/198","targetHints":{"allow":["GET"]}}],"collection":[{"href":"https:\/\/fsnv.univ-chlef.dz\/index.php?rest_route=\/wp\/v2\/pages"}],"about":[{"href":"https:\/\/fsnv.univ-chlef.dz\/index.php?rest_route=\/wp\/v2\/types\/page"}],"author":[{"embeddable":true,"href":"https:\/\/fsnv.univ-chlef.dz\/index.php?rest_route=\/wp\/v2\/users\/1"}],"replies":[{"embeddable":true,"href":"https:\/\/fsnv.univ-chlef.dz\/index.php?rest_route=%2Fwp%2Fv2%2Fcomments&post=198"}],"version-history":[{"count":77,"href":"https:\/\/fsnv.univ-chlef.dz\/index.php?rest_route=\/wp\/v2\/pages\/198\/revisions"}],"predecessor-version":[{"id":10154,"href":"https:\/\/fsnv.univ-chlef.dz\/index.php?rest_route=\/wp\/v2\/pages\/198\/revisions\/10154"}],"wp:attachment":[{"href":"https:\/\/fsnv.univ-chlef.dz\/index.php?rest_route=%2Fwp%2Fv2%2Fmedia&parent=198"}],"curies":[{"name":"wp","href":"https:\/\/api.w.org\/{rel}","templated":true}]}}